116 (base 14) to base 4.
3120
-1 (base 13) to base 4
-1
-3 (base 16) to base 2
-11
Convert 10 (base 4) to base 16.
4
What is -16 (base 7) in base 9?
-14
140 (base 5) to base 15
30
Convert 1b (base 14) to base 10.
25
Convert -1122 (base 4) to base 5.
-330
-a (base 15) to base 6
-14
What is 19 (base 10) in base 15?
14
Convert 42 (base 8) to base 14.
26
-11 (base 2) to base 4
-3
-10101110 (base 2) to base 11
-149
Convert 1101 (base 3) to base 14.
29
What is -47 (base 10) in base 13?
-38
What is 103 (base 11) in base 4?
1330
78 (base 11) to base 6
221
Convert 1 (base 5) to base 8.
1
What is -1 (base 13) in base 2?
-1
What is 6 (base 14) in base 12?
6
Convert 111110 (base 2) to base 5.
222
What is -26 (base 8) in base 6?
-34
Convert -102 (base 3) to base 2.
-1011
What is 1 (base 6) in base 12?
1
What is -222 (base 5) in base 13?
-4a
-1 (base 14) to base 11
-1
-114 (base 14) to base 13
-136
-26 (base 12) to base 10
-30
5 (base 12) to base 15
5
-23 (base 6) to base 10
-15
Convert -2212 (base 3) to base 12.
-65
What is 9 (base 16) in base 7?
12
What is -12 (base 8) in base 12?
-a
What is 10 (base 6) in base 2?
110
Convert -100001 (base 2) to base 7.
-45
Convert -10 (base 3) to base 9.
-3
Convert 4 (base 6) to base 12.
4
Convert -24 (base 14) to base 8.
-40
Convert 12 (base 15) to base 4.
101
Convert -32 (base 8) to base 14.
-1c
What is 0 (base 11) in base 6?
0
101001 (base 2) to base 13
32
-173 (base 9) to base 5
-1042
Convert 4 (base 8) to base 15.
4
Convert 4d (base 16) to base 6.
205
0 (base 5) to base 4
0
What is 9 (base 12) in base 3?
100
Convert 31 (base 14) to base 2.
101011
Convert 2 (base 3) to base 5.
2
2 (base 16) to base 3
2
Convert -5 (base 7) to base 15.
-5
What is -2c (base 16) in base 8?
-54
What is 2a (base 14) in base 4?
212
What is a (base 14) in base 13?
a
-44 (base 8) to base 15
-26
What is -2322 (base 4) in base 7?
-354
What is 4 (base 10) in base 8?
4
What is 3 (base 11) in base 3?
10
Convert 8 (base 13) to base 4.
20
-17 (base 12) to base 10
-19
What is -a (base 11) in base 6?
-14
What is 45 (base 7) in base 11?
30
What is -13 (base 5) in base 16?
-8
What is -20 (base 10) in base 8?
-24
1 (base 6) to base 9
1
Convert 70 (base 10) to base 6.
154
-41 (base 5) to base 15
-16
10 (base 16) to base 2
10000
What is -348 (base 9) in base 6?
-1155
Convert -114 (base 9) to base 4.
-1132
11 (base 10) to base 3
102
What is -1125 (base 6) in base 3?
-100222
Convert -157 (base 13) to base 5.
-1431
Convert 4b (base 15) to base 9.
78
2 (base 13) to base 2
10
Convert 8a (base 11) to base 14.
70
Convert -110 (base 7) to base 4.
-320
What is -110100 (base 2) in base 10?
-52
Convert -123 (base 12) to base 8.
-253
Convert 0 (base 8) to base 12.
0
-1000 (base 2) to base 12
-8
-2 (base 3) to base 13
-2
3 (base 4) to base 8
3
What is 10 (base 11) in base 12?
b
What is -11 (base 3) in base 15?
-4
5 (base 12) to base 9
5
Convert -1322 (base 4) to base 12.
-a2
Convert -3 (base 12) to base 8.
-3
What is c1 (base 14) in base 11?
144
23 (base 4) to base 7
14
-30 (base 6) to base 8
-22
-210 (base 3) to base 12
-19
Convert -6 (base 9) to base 8.
-6
Convert 20a (base 12) to base 14.
174
What is 500 (base 8) in base 15?
165
-1a (base 12) to base 8
-26
-72 (base 9) to base 10
-65
What is 1 (base 4) in base 12?
1
-4 (base 16) to base 7
-4
Convert -22 (base 13) to base 9.
-31
-4 (base 7) to base 6
-4
-2 (base 15) to base 7
-2
-46 (base 8) to base 5
-123
1 (base 2) to base 16
1
What is -3 (base 4) in base 11?
-3
Convert -21 (base 4) to base 5.
-14
Convert -26 (base 10) to base 5.
-101
-64 (base 12) to base 6
-204
What is 26 (base 9) in base 13?
1b
Convert 2 (base 9) to base 10.
2
Convert 1 (base 15) to base 16.
1
Convert 10 (base 12) to base 2.
1100
Convert 60 (base 9) to base 10.
54
Convert 41 (base 11) to base 12.
39
0 (base 13) to base 6
0
1 (base 11) to base 8
1
What is -4 (base 5) in base 11?
-4
100201 (base 3) to base 14
14a
What is -24 (base 14) in base 7?
-44
-40 (base 5) to base 7
-26
-1101 (base 3) to base 4
-211
Convert 1 (base 8) to base 14.
1
What is 57 (base 8) in base 15?
32
What is 0 (base 11) in base 9?
0
7 (base 15) to base 8
7
Convert -3 (base 13) to base 14.
-3
57 (base 15) to base 7
145
Convert 220 (base 4) to base 8.
50
-10000 (base 2) to base 4
-100
Convert -110 (base 2) to base 16.
-6
Convert 33 (base 7) to base 10.
24
What is 1000 (base 5) in base 12?
a5
Convert 11 (base 3) to base 10.
4
Convert -116 (base 10) to base 15.
-7b
Convert 4 (base 8) to base 4.
10
What is 10 (base 2) in base 5?
2
Convert 0 (base 11) to base 7.
0
What is -24 (base 12) in base 15?
-1d
What is 7 (base 13) in base 11?
7
Convert 3 (base 8) to base 5.
3
Convert -101 (base 4) to base 16.
-11
What is -4 (base 11) in base 9?
-4
Convert -4 (base 5) to base 13.
-4
-20 (base 4) to base 7
-11
Convert 8 (base 12) to base 16.
8
14 (base 16) to base 5
40
120 (base 7) to base 11
58
What is -111 (base 14) in base 6?
-551
Convert -30 (base 5) to base 4.
-33
-13 (base 8) to base 3
-102
1 (base 6) to base 2
1
-4 (base 8) to base 9
-4
5 (base 13) to base 6
5
What is -a (base 15) in base 3?
-101
What is 11 (base 3) in base 11?
4
-3 (base 11) to base 3
-10
Convert 1000 (base 2) to base 14.
8
What is 2 (base 5) in base 11?
2
-1 (base 3) to base 14
-1
Convert -1 (base 10) to base 8.
-1
Convert -111010 (base 2) to base 7.
-112
Convert -6 (base 8) to base 16.
-6
Convert -15 (base 11) to base 15.
-11
Convert -20 (base 13) to base 7.
-35
-1c (base 16) to base 14
-20
-16 (base 11) to base 16
-11
-170 (base 11) to base 10
-198
What is 16 (base 14) in base 8?
24
Convert -3 (base 16) to base 2.
-11
What is -1 (base 12) in base 6?
-1
Convert -6a (base 13) to base 11.
-80
What is -165 (base 8) in base 16?
-75
What is 11 (base 6) in base 7?
10
13 (base 14) to base 4
101
3 (base 12) to base 15
3
What is 6 (base 9) in base 8?
6
58 (base 16) to base 9
107
-17 (base 9) to base 6
-24
What is -32 (base 8) in base 11?
-24
38 (base 11) to base 14
2d
-4 (base 9) to base 14
-4
What is -2 (base 7) in base 11?
-2
Convert 11 (base 15) to base 9.
17
What is -4 (base 9) in base 14?
-4
1 (base 12) to base 2
1
Convert 10 (base 3) to base 4.
3
What is 10011 (base 2) in base 6?
31
Convert 2 (base 8) to base 12.
2
Convert 31 (base 4) to base 8.
15
Convert -1 (base 7) to base 11.
-1
What is 4 (base 14) in base 11?
4
What is 32 (base 6) in base 8?
24
What is -1 (base 10) in base 5?
-1
What is 110000 (base 3) in base 6?
1300
19 (base 13) to base 6
34
Convert -2 (base 4) to base 8.
-2
Convert 21 (base 6) to base 5.
23
0 (base 7) to base 2
0
-9 (base 16) to base 2
-1001
Convert 6c (base 16) to base 2.
1101100
-11 (base 3) to base 11
-4
1 (base 11) to base 5
1
11 (base 3) to base 5
4
Convert -1010 (base 4) to base 15.
-48
Convert 1 (base 14) to base 5.
1
2 (base 9) to base 5
2
Convert -24 (base 13) to base 16.
-1e
Convert -2 (base 3) to base 9.
-2
Convert -139 (base 13) to base 3.
-22001
Convert -14 (base 16) to base 14.
-16
1 (base 3) to base 10
1
-5 (base 13) to base 9
-5
Convert 4 (base 13) to base 8.
4
What is -52 (base 9) in base 3?
-1202
What is -33 (base 14) in base 11?
-41
Convert 116 (base 9) to base 3.
10120
-10 (base 5) to base 2
-101
Convert -10 (base 6) to base 2.
-110
Convert 8 (base 13) to base 4.
20
Convert -41 (base 6) to base 2.
-11001
-223 (base 4) to base 8
-53
Convert -301 (base 8) to base 16.
-c1
What is -14 (base 9) in base 16?
-d
What is 9 (base 11) in base 15?
9
20001 (base 3) to base 13
c7
Convert 269 (base 10) to base 13.
179
What is 1a1 (base 16) in base 3?
120110
Convert -3 (base 12) to base 11.
-3
-9 (base 11) to base 14
-9
What is 123 (base 6) in base 13?
3c
-1 (base 12) to base 9
-1
What is -101 (base 4) in base 16?
-11
Convert 5 (base 12) to base 10.
5
Convert 3 (base 7) to base 14.
3
What is -10 (base 13) in base 8?
-15
Convert -12202 (base 3) to base 9.
-182
What is 1 (base 6) in base 14?
1
Convert 10010 (base 2) to base 8.
22
What is 3 (base 15) in base 9?
3
What is 0 (base 16) in base 5?
0
-11 (base 11) to base 4
-30
What is -3 (base 16) in base 9?
-3
What is 1 (base 16) in base 6?
1
2 (base 8) to base 3
2
Convert -5 (base 12) to base 11.
-5
112 (base 3) to base 5
24
Convert c3 (base 14) to base 6.
443
86 (base 9) to base 12
66
Convert -46 (base 7) to base 13.
-28
4 (base 15) to base